 - a. What is the greatest common divisor of p and 20?
20
Let o = -575 + 1106. Calculate the highest common divisor of 9 and o.
9
Suppose -5 = 2*s - 3. Let z be s/((-1)/418*2). Let a = z - 145. Calculate the highest common divisor of a and 8.
8
Let m be -1*2/(-8)*-4 - -144. What is the highest common divisor of m and 33?
11
Let n = 62 + -8. Let q = 211 + -76. What is the highest common divisor of q and n?
27
Suppose 34*m - 285 - 531 = 0. Calculate the highest common factor of m and 264.
24
Suppose 0*d - 138 = -3*m + 3*d, -m - 2*d = -49. What is the greatest common divisor of m and 611?
47
Let l = -9 - -14. Let h = 9 - l. Suppose -d = 5*g - 28 - 134, 4*g = -2*d + 132. Calculate the highest common factor of h and g.
4
Let v = -7 + 99. Suppose 15 = -3*l, 3*l - v = -2*n + 53. Calculate the highest common divisor of n and 10.
10
Let w(g) be the third derivative of -g**5/60 - 7*g**4/24 - 5*g**3/2 + 2*g**2. Let l be w(-5). Let d = l + 35. What is the greatest common divisor of 60 and d?
30
Suppose -74 = 5*i + 6. Let b = 16 + i. Let w(k) = k**3 + k**2 + 5. Let h be w(b). Calculate the highest common divisor of h and 15.
5
Let q(m) = m**3 + 4*m**2 + m - 4. Let d be q(-3). Suppose -5*j - b - b = -58, -2 = -j + d*b. What is the greatest common divisor of j and 110?
10
Let z = 235 - 151. What is the highest common divisor of 12 and z?
12
Suppose 22*y - 19*y = 15. Suppose y*x - 48 = 2*m, -m - 9 = 2*x - 3*x. What is the highest common factor of 6 and x?
2
Let i be -10 - 44070/(-40) - (-2)/8. Calculate the highest common divisor of 117 and i.
39
Suppose -3 - 3 = -2*h. Suppose h*n - 24 = 18. Let s = -5 - -26. Calculate the highest common divisor of s and n.
7
Let l(m) = 42*m + 5. Let h be l(-2). Let b = -50 - h. Let t(g) = 11*g**3 - 3*g**2 - 2*g - 3. Let x be t(3). Calculate the greatest common factor of b and x.
29
Let j(w) be the first derivative of -w**3/3 + w**2/2 + 15*w + 6. Let k be j(0). Calculate the greatest common factor of k and 60.
15
Let q be (-13 + 15 + -7)*(-13741)/35. Calculate the greatest common factor of q and 151.
151
Suppose -7*s - 255 = -388. Let q(f) = f**3 - 6*f**2 - 4*f - 1. Let y be q(8). Calculate the highest common factor of s and y.
19
Suppose -3*w + 14 = i, -i - 7 = -2*w - 4*i. Let j(n) = 2*n**2 - 4*n + 3. Let l be j(2). Suppose d = -l*d + 4. Calculate the greatest common factor of w and d.
1
Suppose 0 = -2*f - 3*k + 29, -4*k - 3 - 5 = -2*f. What is the greatest common divisor of f and 1?
1
Let o(v) = 4*v**2 - 21*v - 10. Let d be o(9). Let x be (-277)/(-11) - (-2)/(-11). Calculate the highest common divisor of x and d.
25
Suppose -4*p - 5*s = -3*p - 16, -4*p + 86 = -2*s. Let j be 20/(-240) + (-74)/6*(-12)/48. Calculate the greatest common divisor of j and p.
3
Let k(a) = -3*a**3 - 3*a**2 + 10*a - 6. Let d be k(-4). Calculate the greatest common factor of 42 and d.
14
Let f(l) = l**2 + l + 9. Let g be f(0). Let c be (3 + (-42)/g)*-3. What is the greatest common factor of c and 5?
5
Let g(s) = -5*s**2 + 5*s + 1. Let b(p) = -p**2. Let v(u) = 2*b(u) - g(u). Let f be v(6). Let d be (-3*1 - -2)*-7. What is the highest common factor of f and d?
7
Let o(h) = -h**2 + 8*h - 10. Let j be o(7). Let n = 4 + j. Suppose -2*i + n + 27 = 0. Calculate the greatest common factor of 35 and i.
7
Let w be 2858/17 + (-40)/340. What is the highest common factor of 1456 and w?
56
Suppose 13*j - 16 = 36. Let o be (-2)/3*j*-27. What is the highest common factor of 4 and o?
4
Let c be (-44)/22*(-570)/4. Calculate the greatest common divisor of c and 75.
15
Let i be 70/15*3/2. Suppose 2*f - 5*r = -i - 11, -5*f + 9 = r. What is the greatest common divisor of 1 and f?
1
Let k be (50/4)/((-46)/(-92)). Let t(l) = -l**2 + 8*l - 5. Let q be t(5). What is the highest common divisor of k and q?
5
Suppose 0 = 3*b - 15 - 12. Suppose -m + 3*m = 5*n - 16, -5*n = m - 22. Suppose 0*z = m*z - 6. What is the greatest common divisor of b and z?
3
Suppose 0 = -3*i - f, 1 = -2*i - 7*f + 6*f. What is the greatest common divisor of 23 and i?
1
Suppose 0 = -2*g + 5*g - 54. Suppose -2*f - 5*p = -88 + 30, 11*f - 3*p - 258 = 0. What is the highest common factor of f and g?
6
Let v = 1 + 76. Suppose -58 = -3*m + v. Suppose -4*k = -5*z + 82, -5*z + 5*k + 26 = -3*z. Calculate the highest common factor of m and z.
9
Let r = 15 - -160. Suppose i - 2 - 3 = 0. Suppose 4*n - 5*v = -0*v + 95, -122 = -i*n + 3*v. What is the greatest common divisor of r and n?
25
Let w be (-32)/(-1) + 1 + -1. Let p(i) = -4*i + 10. Let j be p(1). Suppose -2*q + j*q - w = 0. What is the highest common divisor of q and 88?
8
Suppose 3*w - 871 = -187. What is the greatest common divisor of 24 and w?
12
Suppose -13*k = 8*k - 15876. What is the greatest common factor of k and 28?
28
Suppose -4*z + 4*d = -132, -z + 4*d + 24 = -18. Suppose z*c = 29*c + 3. Calculate the greatest common factor of 1 and c.
1
Let q(j) = -9*j - 76. Let s be -3*(-3 + 9 - 3). Let m be q(s). Suppose 220 = v + 3*v. What is the greatest common divisor of v and m?
5
Suppose 4*s - 52 = -4*p, 5*p - 2*p + 5*s - 49 = 0. What is the greatest common factor of 8 and p?
8
Let b = -80 - -106. Let q = b - 22. Calculate the highest common divisor of q and 16.
4
Let x be 2/(2/(-4) + 1). Suppose -199 = -x*m + 25. What is the greatest common factor of 7 and m?
7
Let h(j) = -3*j**2 + 7*j + 39. Let l be h(12). Let n = l - -484. What is the highest common factor of n and 70?
35
Let r = 247 - 172. What is the highest common factor of r and 1725?
75
Suppose -10032 = -25*r - 51*r. What is the greatest common divisor of 363 and r?
33
Suppose -1839 = -21*n + 51. Let b be 15/(-2)*4*-2. Calculate the greatest common factor of b and n.
30
Suppose 101*g = 93*g + 800. What is the greatest common factor of 30 and g?
10
Let v(y) = -3*y**3 + 18*y**2 - 7*y - 6. Let d be v(5). Calculate the greatest common factor of 986 and d.
34
Let n(b) = -b + 9. Let j be n(12). Let l = j + 30. Calculate the greatest common divisor of 243 and l.
27
Suppose -275 = -26*h + 15*h. Calculate the greatest common divisor of 625 and h.
25
Let l(h) = -11*h**3 - 2*h**2 + 2*h + 4. Let x be l(-2). Calculate the greatest common divisor of 50 and x.
10
Let l be 0 + (270/21)/((-3)/(-21)). What is the highest common divisor of l and 220?
10
Suppose 16*z = 21*z - 80. What is the greatest common factor of z and 2768?
16
Let v be 11 - 1/(1/1). Let m(l) = 11*l + 10. Let j be m(-6). Let n = j + 136. Calculate the highest common factor of n and v.
10
Suppose 4*y - 3 + 7 = 0. Let s be (-1)/(-3*y/(-84)). Suppose 10 = 3*a - 116. Calculate the greatest common factor of a and s.
14
Let o be ((-2)/(2/(-185)))/((-1)/(-1)). Let s = -110 + o. Calculate the highest common factor of s and 15.
15
Let i(y) = 2*y**2 - 15*y + 22. Let l be i(9). Let t be (-668)/(-14) - (-14)/l. Calculate the greatest common divisor of 12 and t.
12
Let m be 650/7 + (0 - 4/(-28)). What is the greatest common factor of m and 217?
31
Let h(m) = 0*m + 1 + 4*m + 1 + 3*m**2. Suppose 18 = 16*d - 25*d. Let p be h(d). Calculate the highest common divisor of p and 24.
6
Let n be (-38)/(-1 + (-13)/(-11)). Let f = -92 - n. Suppose 5*k - 47 = 18. What is the greatest common factor of f and k?
13
Suppose m - 333 = -5*r, 85*m + 2*r = 83*m + 626. Calculate the greatest common divisor of 112 and m.
28
Let k = 565 + -509. What is the highest common factor of 280 and k?
56
Let r = 54 - -39. Suppose 2*j + j = 2*w - r, j = w - 47. Let u be (-34)/(-6) + 2/6. Calculate the highest common divisor of w and u.
6
Suppose -4*v + 0*v + 264 = 0. Let t be (-33)/(6 + 189/(-28)). Calculate the greatest common divisor of t and v.
22
Suppose -210*q + 264*q = 432. Suppose v - 112 = -3*v. What is the greatest common divisor of q and v?
4
Let i be (44/(-8))/((-6)/120). What is the greatest common factor of 20 and i?
10
Suppose -15 = 13*k - 16*k. Let x be 107/k + -4 - (-12)/20. What is the greatest common factor of 6 and x?
6
Let i(v) = 139*v + 2. Suppose o + 4*m + 19 = 0, -2*o = -0*m - 2*m - 12. Let z be i(o). Let n = z + -53. What is the highest common factor of n and 11?
11
Let d be 8424/260*20/3. Calculate the highest common factor of d and 96.
24
Let r(d) = -d + 8. Let z be r(6). Suppose k - 42 = -z*k. Let x be k*(-4)/(-24)*3. What is the highest common factor of 7 and x?
7
